*2 + 8*w + 44. What is the units digit of x(r)?
4
Let k be 110/33 + (-2)/(-3). Suppose -5 = 3*h - k*q, -2*h + 6*q - 15 = q. Let a(z) = 9*z - 10. What is the units digit of a(h)?
5
Suppose -2*t - 4*m - 8 = 0, 0 = -3*t + t - 5*m - 11. Suppose t*g - 5*o = -2*g - 41, g - 3*o = -19. What is the tens digit of 3 + 2/g*-100?
5
Suppose 7*k = 14*k - 651. What is the units digit of k?
3
Suppose -3*g + 4*x = -8, 3*g = -5*x + 40 + 4. What is the units digit of (g/(-10))/(14/(-1645))?
4
Suppose 0 = 3*i - 9 + 27. What is the tens digit of ((-6)/4)/(i/200)?
5
What is the tens digit of (-3820)/(-6) + 48/(-72)?
3
Suppose 16*b - 3228 = -764. What is the hundreds digit of b?
1
Let z(u) = 103*u**2 + 12*u + 29. What is the tens digit of z(-2)?
1
Suppose 2*l = -2*p - 2*p + 12, -3*p + 2*l + 2 = 0. Suppose -p*i - 1 = -11. Suppose i*q = 4*q + 25. What is the units digit of q?
5
What is the tens digit of ((-27)/(-6) + -3)*208/6?
5
What is the tens digit of (-775443)/(-530) - 2/20?
6
Let k = -776 + 1185. What is the hundreds digit of k?
4
Suppose 24 = 4*v + 4*u, 3*u - 2*u = 4*v - 14. Let h = 13 - 11. Suppose -v*z + 40 = -h*z. What is the tens digit of z?
2
What is the units digit of 42/54 - (-4)/18?
1
Let j(s) = 30 - 7 + 22 + 8*s. What is the units digit of j(13)?
9
Let q(v) = v**3 - 12*v**2 - 90*v + 47. What is the units digit of q(21)?
6
Let b(n) = n**2 + 11*n + 2. Let y(a) = a**2 + 11*a + 1. Let d(k) = 7*b(k) - 6*y(k). Let m be d(-8). Let o = m + 38. What is the tens digit of o?
2
Suppose 0 = -y + 2 + 3. Let d be -3 + 4 + (-8)/(2/(-1)). Suppose -d*i + 110 = -y*j - 10, 0 = -i + 4*j + 39. What is the tens digit of i?
1
Suppose 54*u = 84017 + 101689. What is the units digit of u?
9
Suppose 4240 = 13*t + 7*t. What is the hundreds digit of t?
2
Suppose -18 - 30 = -3*w. What is the tens digit of w/32*17*2?
1
Let d(b) = -282*b - 530. What is the units digit of d(-10)?
0
Let l be ((-4275)/(-36))/(-19)*-4. Let h be (1 - 3)/(2/8). Let t = l + h. What is the tens digit of t?
1
Suppose -5*y + 80 = -45. Let c(o) = -o**2 - 5*o - 5. Let d be c(-5). Let n = d + y. What is the tens digit of n?
2
Suppose 4*l - l = 6. Let b be 3*(l + (-32)/(-3)). Let h = b + -26. What is the tens digit of h?
1
Let k = 61 + -179. Let q = k - -184. What is the units digit of q?
6
Suppose 10 = 4*a - 2. Let f(u) = 11 - 20*u + 2*u**2 - 3*u**2 + a*u. What is the units digit of f(-14)?
3
Suppose 0*m + a = m + 59, -3*m + a = 179. Suppose 0 = -9*o + 4*o + 495. Let r = o + m. What is the tens digit of r?
3
Let g be 18015/27 + (-8)/36. Suppose 6*x - g = -181. What is the tens digit of x?
8
Let a(c) = -c**3 - 33*c**2 + 58*c - 69. What is the units digit of a(-35)?
1
Let x(s) = s**3 + 13*s**2 + s + 13. Let p be x(-13). Suppose g - 4*g + 5*a = -58, a - 1 = p. What is the tens digit of g?
2
Let h(c) = c**2 + 9*c + 6. Let g be h(-8). Let x(n) = -4*n**3 - n**2 - n - 2. Let o be x(g). Suppose -5*i + o = -i. What is the units digit of i?
7
Let t = -734 - -407. What is the hundreds digit of (-6)/(-9)*t/(-2)?
1
Let p = -87 - -87. Suppose -4*v + 3*a + 289 = p, v - 68 = -a + 6*a. What is the units digit of v?
3
Suppose 11*v - 7*v = j - 592, -3075 = -5*j - 3*v. What is the tens digit of j?
1
Suppose -4*k - l = 259, -11 = -k + l - 77. Let m = 36 + k. Let t = -21 - m. What is the units digit of t?
8
Suppose -3*i + 112 = 5*m - 156, 3*m - 152 = -4*i. Suppose -u = -2*c - m, 14 - 162 = -3*u + c. What is the units digit of u?
8
Let v be 17766/(-28) - (-1)/2. What is the tens digit of v/(-4) + (-45)/18?
5
Let v = -319 - -370. What is the tens digit of v?
5
Let g = 40 + -38. Suppose 3*v - 13 - g = 0. Suppose -5*i = -3*c - 0*c + 80, v*c - i - 148 = 0. What is the units digit of c?
0
Let u(j) = -j**2 + 5*j + 12. Let l be u(-6). Let m = -46 - l. What is the units digit of m?
8
Suppose -25*l = -9*l - 40816. What is the tens digit of l?
5
Let t(p) = p**3 - p**2 + 5*p + 1. Let m be t(4). What is the tens digit of (m/(-1) + -4)*-1?
7
Suppose 0 = 5*q + 5*w - 1235, 2*w - 51 = -q + 200. What is the units digit of q?
3
Suppose -81*z - 3070 = -83*z + 2*d, -3*d + 3050 = 2*z. What is the tens digit of z?
3
Let k(y) = -28*y**2 + 4*y - 5. Let b be k(-4). Let u = b + 690. What is the hundreds digit of u?
2
Let f = 111 + -109. What is the units digit of (4632/14)/4 - f/(-7)?
3
Let f = 17 + 26. Suppose 0*k + h = k + 10, 0 = 4*k - 5*h + f. What is the units digit of ((-2)/(-6))/(k/(-63))?
3
Let n = -10 + 19. Let y(j) = 2*j**2 - 16*j + 7. What is the tens digit of y(n)?
2
Let o = 124 - 88. Suppose o*v - 356 = 32*v. What is the tens digit of v?
8
Suppose 2*h + z + 106 = 5*z, -h + 4*z = 51. Let g = 77 + h. Suppose -k + g = -4*d, -88 = -4*k - 0*k + 5*d. What is the units digit of k?
2
Suppose 0 = -2*p + 8, 2*w + 5*p - 63 = 39. Let o(i) = 14*i - w + 34 + 3*i. What is the tens digit of o(3)?
4
Let b(z) = -98*z + 59. What is the tens digit of b(-9)?
4
Let s(v) = -v**2 - 8*v - 5. Let n be s(-5). What is the tens digit of 5/n*(-60)/(-3)?
1
Suppose 0 = -w - h + 2416, w - 3*h = -951 + 3367. What is the units digit of w?
6
Suppose -3*y - 2*b + 2856 = 0, -y + 4*y - 2868 = 2*b. What is the hundreds digit of y?
9
What is the hundreds digit of (-7)/(1 - 114/113)?
7
Suppose 3*y = 4*l - 2936, -3*l = -0*l + 3*y - 2181. What is the hundreds digit of l?
7
Let o(b) = 3*b**2 - 41*b - 96. What is the thousands digit of o(33)?
1
Let y(w) = -87*w - 50. What is the units digit of y(-6)?
2
Let j = 28 + -26. Suppose 24 = -4*x - j*x. What is the units digit of (x/8)/(3/(-66))?
1
Let x(w) = -4*w + 31. Let q be x(-14). Let l = q - 8. What is the units digit of l?
9
Suppose x = 3*x - 4*m + 26, 3*m - 14 = x. Let h(k) = k**3 + 11*k**2 - 15*k + 9. What is the units digit of h(x)?
4
Suppose 3*l = -5*d + 6, -2*d + 2*l + 0 + 12 = 0. Let y(f) = 3*f**2 + 1 + 4*f**3 - 2*f**2 - d*f**3. What is the units digit of y(-1)?
1
Let h be (-75)/25*28/(-6). What is the units digit of ((-21)/h)/(2/(-172))?
9
What is the tens digit of (400/100)/((-8)/(-974))?
8
Let u be (-1)/(-2*3/(-6)*-1). Let r be (-13)/(-5) - (-2)/5. Suppose -r*j = -2*j - u. What is the units digit of j?
1
Let k(p) = -p**3 + 12*p**2 - 10*p + 12. Let g be k(11). Let o = g - -50. What is the units digit of o?
3
Let j = 418 + 923. What is the tens digit of j?
4
Let g be 4/(-18) + (0 - (-116)/36). Suppose 0*d - 876 = -g*d. What is the units digit of d?
2
Let n(y) = -y**3 - 10*y**2 - y + 2. Let u(w) = w**2 + 8*w - 3. Let s be u(-7). Let p be n(s). Suppose p + 11 = b. What is the tens digit of b?
2
What is the units digit of (42/(-7) + 5)*157*-11?
7
Suppose -635 = 2*a - 915. What is the tens digit of a?
4
Suppose 4*l = -o + 2*o - 44, 0 = l. Let x = o - 83. Let i = -25 - x. What is the units digit of i?
4
Let d = 8818 + -3501. What is the tens digit of d?
1
Let k = 1071 - 442. What is the units digit of k?
9
Suppose 2*g + 9 = -2*q + 3*q, -3*q - 5*g + 38 = 0. Let x = 42 - q. What is the units digit of x?
1
Let v = -156 - -202. What is the tens digit of v?
4
Let x be (-3927)/(-15) - (1 + -3)/10. Suppose 69 = -q + x. What is the units digit of q?
3
Let l(q) = -q**2 + 9 - 1 - 7*q - 5*q + 1. What is the units digit of l(-7)?
4
Let y = 14 - 12. Suppose -y*x + 17 = -2*t + 5, -5*x + 4*t = -27. Suppose -x*z + 34 = 4*s, -z = z - 3*s - 17. What is the units digit of z?
0
Suppose -3*n = -13 + 1. Suppose -n*o + 156 - 48 = 4*r, 5*r = 3*o + 127. What is the units digit of r?
6
Suppose -10 = -7*m + 2*m. Suppose -o - u + 260 = o, -m*o + 260 = -4*u. What is the units digit of o?
0
Let f(m) = -3*m**3 - 50*m**2 + 36*m + 2. Let r(c) = c**3 + 17*c**2 - 12*c - 1. Let k(i) = 3*f(i) + 8*r(i). Let z = 21 - 36. What is the units digit of k(z)?
3
Suppose -730*v + 1932 = -716*v. What is the hundreds digit of v?
1
Let f be (-576)/(-60) + 2/5. Let m(d) = -d**2 + d - 3. Let t be m(3). Let s = t + f. What is the units digit of s?
1
Let d = -3 + 21. Suppose -h + 15 + d = 0. Suppose 0 = 2*u - f - 15, -5*u = -4*f - 9 - h. What is the units digit of u?
6
Let b(h) = 15*h**2 - h - 6. What is the tens digit of b(-4)?
3
What is the units digit of 2247*-9*(-7)/189?
9
Let j(d) be the third derivative of d**5/15 - d**4/12 + 3*d**3/2 - 29*d**2. What is the units digit of j(6)?
1
Let q(g) = -g**2 + 2*g + 3. Let x = 23 - 21. Let w be q(x). What is the units digit of (2 - 0)/(w + -1)?
1
L